{"id":8794,"date":"2024-02-03T15:47:38","date_gmt":"2024-02-03T12:47:38","guid":{"rendered":"https:\/\/bazzarga.com\/?post_type=product&#038;p=8794"},"modified":"2024-02-03T16:32:37","modified_gmt":"2024-02-03T13:32:37","slug":"moods-coffee-condoms-12-pieces","status":"publish","type":"product","link":"https:\/\/bazzarga.com\/index.php\/product\/moods-coffee-condoms-12-pieces\/","title":{"rendered":"Moods &#8211; Coffee Condoms &#8211; 12 Pieces"},"content":{"rendered":"<p>&#8216;- Delicious condoms for more fun<br \/>\nn<br \/>\nn- Color: pink<br \/>\nn<br \/>\nn- Taste: coffee<br \/>\nn<br \/>\nn- With lubricant for more moisture<br \/>\nn<br \/>\nn- Size: medium (53 x 180 mm).<br \/>\nn<br \/>\nn&nbsp;<br \/>\nn<br \/>\nnCertified By: FDA (Food and Drug Administration), ISO 2016, ISO 2018, ISO 2005, CE (Conformit\u00e9 Europ\u00e9enne), and SGS (Soci\u00e9t\u00e9 G\u00e9n\u00e9rale de Surveillance).<\/p>\n","protected":false},"excerpt":{"rendered":"<p>&#8216;- Delicious condoms for more fun n n- Color: pink n n- Taste: coffee n n- With lubricant for more moisture n n- Size: medium (53 x 180 mm). n n&nbsp; n nCertified By: FDA (Food and Drug Administration), ISO 2016, ISO 2018, ISO 2005, CE (Conformit\u00e9 Europ\u00e9enne), and SGS (Soci\u00e9t\u00e9 G\u00e9n\u00e9rale de Surveillance).<\/p>\n","protected":false},"featured_media":8840,"comment_status":"open","ping_status":"closed","template":"","meta":[],"product_brand":[],"product_cat":[96,113,112],"product_tag":[114,160,115,116,117],"class_list":{"0":"post-8794","1":"product","2":"type-product","3":"status-publish","4":"has-post-thumbnail","6":"product_cat-beauty-health","7":"product_cat-family-planning-and-contraceptives","8":"product_cat-health-care","9":"product_tag-12-pieces","10":"product_tag-coffee-condoms","11":"product_tag-condom","12":"product_tag-condoms","13":"product_tag-moods","14":"pa_brand-moods","17":"instock","18":"taxable","19":"shipping-taxable","20":"purchasable","21":"product-type-simple"},"_links":{"self":[{"href":"https:\/\/bazzarga.com\/index.php\/wp-json\/wp\/v2\/product\/8794","targetHints":{"allow":["GET"]}}],"collection":[{"href":"https:\/\/bazzarga.com\/index.php\/wp-json\/wp\/v2\/product"}],"about":[{"href":"https:\/\/bazzarga.com\/index.php\/wp-json\/wp\/v2\/types\/product"}],"replies":[{"embeddable":true,"href":"https:\/\/bazzarga.com\/index.php\/wp-json\/wp\/v2\/comments?post=8794"}],"wp:featuredmedia":[{"embeddable":true,"href":"https:\/\/bazzarga.com\/index.php\/wp-json\/wp\/v2\/media\/8840"}],"wp:attachment":[{"href":"https:\/\/bazzarga.com\/index.php\/wp-json\/wp\/v2\/media?parent=8794"}],"wp:term":[{"taxonomy":"product_brand","embeddable":true,"href":"https:\/\/bazzarga.com\/index.php\/wp-json\/wp\/v2\/product_brand?post=8794"},{"taxonomy":"product_cat","embeddable":true,"href":"https:\/\/bazzarga.com\/index.php\/wp-json\/wp\/v2\/product_cat?post=8794"},{"taxonomy":"product_tag","embeddable":true,"href":"https:\/\/bazzarga.com\/index.php\/wp-json\/wp\/v2\/product_tag?post=8794"}],"curies":[{"name":"wp","href":"https:\/\/api.w.org\/{rel}","templated":true}]}}